et l be f(13). Determine s(l).
-5
Let a = 425 + -418. Suppose 2*y = -2*w - 10, -a*w + 6*w - 5*y - 9 = 0. Let l(v) = v**2 + 2*v - 6. Give l(w).
2
Let n(x) = -2*x**2 - 14*x - 2. Let i(h) = -h**2 - 4*h + 3. Let q(v) = 3*i(v) - n(v). Determine q(-9).
-88
Let v(u) = u + 1. Let s(p) = p**2 + 9*p. Let h(x) = -s(x) + 2*v(x). Suppose 50*t = 48*t. Suppose 0 = -2*c - 4, -4*c = -4*k - t*c - 12. What is h(k)?
12
Let g = 8125 + -8129. Let z(q) = 5*q + 5. Let p(a) = a**2 + a + 1. Let s(l) = -p(l) - z(l). Determine s(g).
2
Let x(c) = -c**3 + 28*c**2 - 33*c - 5. Let s be x(27). Let n = -165 - s. Let b(h) = 6*h - 2 + h - h. What is b(n)?
10
Let x(i) = 4*i**2 - 7*i + 2. Let b(a) = -a**2 - 11*a - 7. Let p be b(-10). Let q(o) = o**2 - 1. Let r(f) = p*q(f) - x(f). Calculate r(7).
-5
Let g(j) = -11*j**3 + 16*j - 2. Suppose 5*i - 4*m - 76 = -m, -65 = -4*i + m. Let s(b) = 31*b**3 - b**2 - 47*b + 4. Let f(z) = i*g(z) + 6*s(z). Calculate f(-4).
-2
Suppose -125 - 109 = 3*j. Let c be ((-1056)/(-10))/((j/140)/(-13)). Let q(r) = -2464 + c - r - 3*r**2. Give q(-2).
-10
Let o(q) = -q**2 + 3*q - 3. Suppose 33*b - 8 = 31*b. Let m be -18*(-3)/9*2/b. Determine o(m).
-3
Let m(z) = 3*z + 108. Let h(r) = 2*r + 59. Let u(i) = 11*h(i) - 6*m(i). Let g(y) = -y**3 + y**2 + y + 6. Let p be g(0). What is u(p)?
25
Let w(k) = -4*k + 1. Let v(l) = 46 + 1436*l + 1433*l - l**3 - 2881*l - 16*l**2. Let s be v(-15). What is w(s)?
-3
Let r(q) = 4*q + 25. Suppose 0 = -89*b + 57*b - 480. What is r(b)?
-35
Let r(f) = 26*f**3 - 2*f**2 + 1. Let p be r(1). Let a be 20/p*(-20)/(-8). Suppose 3*s + 3*j = 0, -a*s + 2*j + 11 = -1. Let k(b) = -3*b. Determine k(s).
-9
Let m = 912 - 907. Let c(k) = -7 + 5 - m*k - k**2 + 0*k**2 - 7*k + 11*k. Calculate c(3).
-14
Let s = 896021/24 - 37334. Let z(a) be the third derivative of -46*a**2 + 0 + 3/2*a**3 + 1/60*a**5 + s*a**4 + 0*a. What is z(-7)?
23
Let v(t) = 6*t**3 + 114*t**2 + 136*t + 132. Let d(y) = -y**3 - 23*y**2 - 27*y - 27. Let o(f) = 11*d(f) + 2*v(f). Determine o(26).
-7
Let w(r) = -38*r - 1393. Let f be w(-37). Let i(a) = 3*a - 7. What is i(f)?
32
Let b(s) be the second derivative of -s**4/12 + s**3 + 8*s**2 + 576*s. Determine b(8).
0
Let a(w) = -3*w. Suppose 5*b = -3*x - 0*x + 1536, -2526 = -5*x + 3*b. Let t = x + -510. Determine a(t).
9
Let c(b) = -b**3 + 6*b**2 - 20*b + 70. Let a be c(5). Let r(d) = -25*d + 6. Give r(a).
131
Suppose -5*b = -3*b - 36. Let k = 6 + b. Suppose -83*y = -87*y - k. Let m(s) = -2*s - 8. Determine m(y).
4
Suppose -2*j - j - f - 23 = 0, 0 = -2*j + 5*f - 38. Let p = -5 - j. Let q(l) = 4*l**2 - l - 4. Let o(t) = -5*t**2 + 4. Let y(a) = 3*o(a) + 4*q(a). What is y(p)?
-4
Suppose -2*o + 4*w = 2*w - 118, -43 = -o - 3*w. Let x = o - 54. Let v(f) = 10 + 0*f + 1 - 7 - 5 - 8*f. What is v(x)?
-9
Let z(t) = -2*t - 23*t + 45*t - 5 - 13*t - 72. What is z(12)?
7
Let m(y) = -4*y**2 - 7. Let z(p) = 3*p - 43. Let o be z(16). Let u(h) = -4*h**2 - h - 8. Let g(d) = o*m(d) - 4*u(d). Give g(2).
-11
Let b(d) = d**3 - 11*d**2. Suppose -121 = -469*j + 458*j. What is b(j)?
0
Let w(p) = p**2 - 9*p. Suppose -27 = -4*s + 3*g, 5*g = s - 3 + 9. Suppose 29 = 2*r - 2*o - 7, 4*r + o - 47 = 0. Suppose -r*y + s*y + 36 = 0. What is w(y)?
0
Let g(x) = 5*x + 35. Suppose -4*v = 4*k + 48, 4*k + 11 - 19 = 4*v. What is g(v)?
0
Let i(h) = 2*h - 3*h - 3*h + h**2 + 1. Suppose -r + 81 = -3*g - 27, -4*g - 8 = 0. Suppose 14*t = 48*t - r. Calculate i(t).
-2
Let z = 111 + -105. Suppose -4 + 10 = z*h. Let v(d) be the first derivative of -d**4 + d**2/2 - 4. Calculate v(h).
-3
Let j(h) = 2*h**3 + 2*h**2 - h + 2. Suppose -157 = 14*i + 417. Suppose -54 = -4*q + 102. Let n = q + i. What is j(n)?
-4
Let j(m) = -9*m**2 - 9*m**2 + 4 - 2*m - 4*m**2 + 11*m**2. Give j(-2).
-36
Let g(v) = 91*v + 3 - 53*v - v**3 - 46*v - 2*v**2. Let a(w) = w**3 + w - 1. Let t(m) = 2*a(m) + g(m). Calculate t(4).
9
Let j(q) = 30*q + 3. Suppose -210*v + 207*v + 27 = 5*p, -5*p + 19 = v. Calculate j(p).
93
Let w(m) be the third derivative of -m**6/120 - m**5/10 + m**4/24 - 5*m**3/6 - 5*m**2. Let o = 65 - 98. Let j be 7/((-231)/192) + 6/o. Determine w(j).
-11
Let t(v) be the second derivative of v**5/20 + v**4/4 + 3*v**2/2 - 754*v. Let k be (-2)/(-6) - (-62)/(-6). Let w be (-5)/(k/4)*-2. Determine t(w).
-13
Let v(b) be the third derivative of -b**5/3 - b**4/12 - b**3/3 + 772*b**2. Give v(-2).
-78
Let s(g) = -12*g**2 - 23*g - 84. Let b(t) = -3*t**2 - 5*t - 22. Let z(a) = -9*b(a) + 2*s(a). Give z(-5).
110
Let o(i) = i**3 + 6*i**2 + 2*i - 6. Let g(f) = -15*f - 78. Let c(n) = 7*n + 36. Let d(k) = -13*c(k) - 6*g(k). Let j be d(5). What is o(j)?
9
Let y(x) = -x**3 + 15*x**2 + 32*x + 25. Let v(a) = 161*a + 339. Let z be v(-2). Give y(z).
-9
Let o(l) be the second derivative of l**4/12 - 13*l**3/6 - 3*l**2 - 103*l - 1. Calculate o(10).
-36
Let i(l) = 2*l**2 + l - 1. Let q(u) = -11*u**2 - 14*u + 7. Let d(o) = -3*o - 22. Let m be d(-9). Let a(w) = m*i(w) + q(w). What is a(-11)?
-20
Let n(f) = -f**2 + 10*f - 18. Suppose 333*w = 321*w + 60. Determine n(w).
7
Suppose 0 = -2*b - f - 3, b = 3*b + 2*f. Let w(j) = -2*j**2 + 6*j - 1. Let n(v) = v**2 + 2*v + 1. Let o(c) = b*n(c) - w(c). Determine o(-8).
30
Let r(j) = 3*j + 1. Let u be 1518/(-44)*(-4)/(-6). Suppose 0*n = -4*n - 5*c + 94, -11 = -n + 5*c. Let f = n + u. Give r(f).
-5
Suppose 3*f + 7 = 3*q + 28, 5*f - 28 = 4*q. Let c(x) = -x**3 - 7*x**2 + x + 4. Calculate c(q).
-3
Let l(i) = 147*i**3 + 38*i + 26 - 152*i**3 - 29*i**2 + 2*i - 7*i**2. Let h(t) = -t**3 - 7*t**2 + 8*t + 5. Let p(g) = -11*h(g) + 2*l(g). Determine p(-6).
9
Let u(z) = z**3 + z**2 - 4*z. Let l(n) be the second derivative of n**5/20 - 19*n**4/4 + 28*n**3/3 - 3*n**2/2 + 156*n. Let w be l(56). Give u(w).
-6
Suppose 0 = 2*f + 8, 2*y + 15*f - 13*f - 234 = 0. Let w(z) = -12 - 118*z - y*z + 240*z. Determine w(11).
-1
Let q(m) be the first derivative of 70*m**3/3 - m**2 + 2*m + 1485. Give q(1).
70
Let b(l) = 2*l**3 + 3*l**2 - l - 4. Suppose k + 2 = -v, 0 = -v + k + 6. Suppose -4*s - 21 = v*u + 1, -3*s = u + 15. Calculate b(u).
-28
Let r(w) = -w**3 - 10*w**2 - 11*w - 18. Let b be r(-9). Let y be (b + 1)/((-2)/(-58)). Let o(l) = -49*l**2 + y*l**2 - 1 - 1 + 1. Determine o(1).
-21
Let a(u) = -9*u**2 + 15*u + 67. Let i(j) = -14*j**2 + 14*j + 70. Let w(x) = -3*a(x) + 2*i(x). Give w(-5).
-1
Suppose -w + 4*g = -0*w + 1, -2*g = -4*w + 10. Let l(z) = -z - 11*z**3 - z**2 - 6*z**3 + 16*z**w - 6. Let f = 6 - 6. What is l(f)?
-6
Let g be (-2)/(-10) + 21/(-5). Let h(d) = 2*d + 3. Let x(b) = b**3 + 6*b**2 + 7*b + 5. Let c(p) = h(p) - x(p). What is c(g)?
-14
Suppose y = -3*d + 2, -16 = -3*y + 5*d - 10. Let t(p) = p**2 - 3. Determine t(y).
1
Let k = -376 + 388. Let z be ((-24)/9)/(k/(-9)). Let n(u) = 2*u - 3. What is n(z)?
1
Let l(z) = 0*z + 22 + 127*z**2 - 97*z**2 - 31*z**2 - 52 - 16*z. Calculate l(-19).
-87
Let y(b) = 10*b - 20. Let m be y(6). Let g = 43 - m. Suppose -27 = -4*h - g*q + 4*q, 13 = 2*h - q. Let t(k) = -k**3 + 8*k**2 - 9*k + 10. What is t(h)?
-4
Let j(a) = 19*a**2 - 3*a + 73. Let l(c) = 4*c**2 + 15. Let i(z) = 3*j(z) - 14*l(z). Calculate i(10).
19
Suppose -i = 5*s, 0 = -2*s + 13 - 15. Suppose i*h - 3*b + 3 = 0, 2*h + h - 4*b = -4. Let w(g) = g - 16. What is w(h)?
-16
Suppose -49*x + 77*x - 784 = 0. Let l(z) = 65*z - 1. Let w be l(1). Let f(p) = -w + 33 + x + 2*p. Give f(3).
3
Let t = -93 + 120. Let u(d) = -t*d + 21*d + d**2 + 3 - 2. Let z be 9/(-2 - 21/(-6)). Determine u(z).
1
Let y(f) = -10*f**2 + f - 2. Let t(j) = -6*j + 8. Let a be t(1). Determine y(a).
-40
Let i(p) be the second derivative of -1/20*p**5 + 9/2*p**2 - 43*p + 2/3*p**4 + 0 - 7/6*p**3. Let y be ((-1)/1 - 6)/(-1). What is i(y)?
9
Suppose 2*q - 21*l = -22*l + 11, -q + 5*l = 0. Let k(p) = 2*p**2 - 2*p - 22. Calculate k(q).
18
Let c(j) = -11*j + 9. Suppose 21 - 21 = 506*p. What is c(p)?
9
Suppose 12 = -q - x, 3*q - 5*x + 4 = 8. Let m(a) = -87*a**2 - 13*a - 38. Let l(s) = 31*s**2 + 4*s + 13. Let n(y) = 14*l(y) + 5*m(y). What is n(q)?
6
Let p(o) = -11*o**2 - o. Let y be -316*((-28)/(-8))/(-7). Suppose -4*s + y + 10 = 0. Let a be (s/63)/((-2)/3). What is p(a)?
-10
Let t(f) = -6 - f**2 - 3 + 9*f + 0*f**2. Suppose -157*o - 233 + 972 = -674. Give t(o).
-9
Let r(z) = 30*z**2 - 2*z - 128. Let j(h) = -6*h**2 + 23. Let y(m) = 11*j(m) + 2*r(m). What is y(-2)?
-19
Suppose -7